{"id":46,"date":"2024-08-29T11:46:35","date_gmt":"2024-08-29T08:46:35","guid":{"rendered":"https:\/\/popcult.fi\/nights-2024-vol-2\/?page_id=46"},"modified":"2025-09-13T17:00:13","modified_gmt":"2025-09-13T14:00:13","slug":"info","status":"publish","type":"page","link":"https:\/\/popcult.fi\/nights-2025\/info\/","title":{"rendered":"Info"},"content":{"rendered":"<section class=\"tavk-block tavk-block--npx-hero-low npx-hero-low\">\n    <div class=\"npx-page-title-area npx-page-title-area--has-image\">\n        <div class=\"npx-container\">\n            <div class=\"npx-page-title-area__inner\">\n                <h1>Info<\/h1>\n            <\/div>\n        <\/div>\n\n                    <div class=\"npx-page-title-area__image\">\n                <div class=\"npx-page-title-area__image-inner\">\n                        <div class=\"responsive-image-container\" style=\"padding-bottom: 56.272965879265%;background-color: #4a4246;\">\n  <img loading=\"lazy\" class=\"responsive-image lazyload\" height=\"1072\" width=\"1905\" alt=\"\" src=\"data:image\/gif;base64,R0lGODlhAQABAAAAACH5BAEKAAEALAAAAAABAAEAAAICTAEAOw==\" data-src=\"https:\/\/popcult.fi\/app\/uploads\/sites\/8\/2024\/09\/popcult-nights-2025-web-banner-2.jpg?ver=944ec69e\"  data-srcset=\"https:\/\/popcult.fi\/app\/uploads\/sites\/8\/2024\/09\/popcult-nights-2025-web-banner-2.jpg?ver=944ec69e 1905w, https:\/\/popcult.fi\/app\/uploads\/sites\/8\/2024\/09\/popcult-nights-2025-web-banner-2-3d4ql9roq4dbyxo4hy2z22hqu-1000x563.jpg?ver=944ec69e 1000w, https:\/\/popcult.fi\/app\/uploads\/sites\/8\/2024\/09\/popcult-nights-2025-web-banner-2-ehz9tfgw7xsmm9b8ace97y0b1-1500x844.jpg?ver=944ec69e 1500w\" data-sizes=\"auto\" data-parent-fit=\"cover\">\n  <noscript>\n    <img loading=\"lazy\" class=\"responsive-image\" src=\"https:\/\/popcult.fi\/app\/uploads\/sites\/8\/2024\/09\/popcult-nights-2025-web-banner-2.jpg?ver=944ec69e\" alt=\"\" height=\"1072\" width=\"1905\">\n  <\/noscript>\n<\/div>\n                <\/div>\n            <\/div>\n\n            <div class=\"npx-page-title-area__scim\">\n\n            <\/div>\n\n        \n    <\/div>\n\n    \n    \n<\/section>\n\n<div class='container tvk-container'><div class='tvk-block tvk-block-core core-paragraph wysiwyg'>\n<p>Popcult Nights j\u00e4rjestet\u00e4\u00e4n lauantaina 4.10.2025 Tiivist\u00e4m\u00f6ll\u00e4, Helsingin Suvilahdessa. Tiivist\u00e4m\u00f6n osoite on Kaasutehtaankatu 1, Helsinki.<\/p>\n<\/div><\/div>\n\n<div class='container tvk-container'><div class='tvk-block tvk-block-core core-paragraph wysiwyg'>\n<p>Tapahtumapaikkaan n\u00e4hden l\u00e4hin metroasema on Kalasatamassa (noin 350 metri\u00e4), mutta my\u00f6s S\u00f6rn\u00e4isist\u00e4 k\u00e4velee paikalle noin 10 minuutissa. Suvilahteen p\u00e4\u00e4see k\u00e4tev\u00e4sti my\u00f6s bussilla tai Pasilasta raitiovaunulinjalla 13. Kotiin p\u00e4in l\u00e4htiess\u00e4 huomaathan, ett\u00e4 metro lopettaa liikenn\u00f6innin jo ennen puolta y\u00f6t\u00e4! Lis\u00e4tietoja saapumisesta l\u00f6yd\u00e4t <a href=\"https:\/\/tiivistamo.fi\/saapuminen\/\">Tiivist\u00e4m\u00f6n sivuilta<\/a>.<\/p>\n<\/div><\/div>\n\n<div class='container tvk-container'><div class='tvk-block tvk-block-core core-paragraph wysiwyg'>\n<p>Suvilahden tilat eiv\u00e4t ole t\u00e4ysin esteett\u00f6mi\u00e4. Kulkureitit ovat asfaltoituja, mutta paikoitellen jyrkki\u00e4. Tiivist\u00e4m\u00f6n ovelle johtava ramppi on jyrkk\u00e4. Tiivist\u00e4m\u00f6ss\u00e4 on esteet\u00f6n p\u00e4\u00e4sy l\u00e4hes kaikkiin tiloihin alakerran WC-tiloja lukuunottamatta. Yl\u00e4kerrassa sijaitsee inva-WC. L\u00e4mpi\u00f6\u00f6n on esteet\u00f6n p\u00e4\u00e4sy ulkokautta.<\/p>\n<\/div><\/div>\n\n<div class='container tvk-container'><div class='tvk-block tvk-block-core core-columns wysiwyg'>\n<div class=\"wp-block-columns is-layout-flex wp-container-core-columns-is-layout-1 wp-block-columns-is-layout-flex\">\n<div class=\"wp-block-column is-layout-flow wp-block-column-is-layout-flow\">\n<figure class=\"wp-block-image size-full\"><img loading=\"lazy\" width=\"1080\" height=\"1080\" data-src=\"https:\/\/popcult.fi\/app\/uploads\/sites\/7\/2024\/08\/saapumisohjeet_ig-1.jpg\" alt=\"\" class=\"wp-image-45 lazyload lazyload\" data-color=\"#f7e633\" data-srcset=\"https:\/\/popcult.fi\/app\/uploads\/sites\/8\/2024\/08\/saapumisohjeet_ig-1.jpg 1080w, https:\/\/popcult.fi\/app\/uploads\/sites\/8\/2024\/08\/saapumisohjeet_ig-1-300x300.jpg 300w, https:\/\/popcult.fi\/app\/uploads\/sites\/8\/2024\/08\/saapumisohjeet_ig-1-1024x1024.jpg 1024w, https:\/\/popcult.fi\/app\/uploads\/sites\/8\/2024\/08\/saapumisohjeet_ig-1-150x150.jpg 150w, https:\/\/popcult.fi\/app\/uploads\/sites\/8\/2024\/08\/saapumisohjeet_ig-1-768x768.jpg 768w, https:\/\/popcult.fi\/app\/uploads\/sites\/8\/2024\/08\/saapumisohjeet_ig-1-1gj4a131x5r4mtarnbup9w4yb-350x350.jpg 350w, https:\/\/popcult.fi\/app\/uploads\/sites\/8\/2024\/08\/saapumisohjeet_ig-1-8ulhxdici07kl6m7qpir5dtbx-700x700.jpg 700w, https:\/\/popcult.fi\/app\/uploads\/sites\/8\/2024\/08\/saapumisohjeet_ig-1-8fqtnm61c984543gla8ax40d9-750x750.jpg 750w, https:\/\/popcult.fi\/app\/uploads\/sites\/8\/2024\/08\/saapumisohjeet_ig-1-5e4bo1hzfqiuzeohvp67gm6cy-980x980.jpg 980w\" data-sizes=\"auto\" src=\"data:image\/svg+xml,%3Csvg%20xmlns='http:\/\/www.w3.org\/2000\/svg'%20style='background-color:%23f7e633'%20viewBox='0%200%201080%201080'%3E%3C\/svg%3E\"><\/figure>\n  <noscript>\n    <img src=\"https:\/\/popcult.fi\/app\/uploads\/sites\/7\/2024\/08\/saapumisohjeet_ig-1.jpg\" alt=\"\" height=\"1080\" width=\"1080\">\n  <\/noscript>\n<\/div>\n\n\n\n<div class=\"wp-block-column is-layout-flow wp-block-column-is-layout-flow\"><\/div>\n<\/div>\n<\/div><\/div>\n","protected":false},"excerpt":{"rendered":"<p>Popcult Nights j\u00e4rjestet\u00e4\u00e4n lauantaina 4.10.2025 Tiivist\u00e4m\u00f6ll\u00e4, Helsingin Suvilahdessa. Tiivist\u00e4m\u00f6n osoite on Kaasutehtaankatu 1, Helsinki. Tapahtumapaikkaan n\u00e4hden l\u00e4hin metroasema on Kalasatamassa (noin 350 metri\u00e4), mutta my\u00f6s S\u00f6rn\u00e4isist\u00e4 k\u00e4velee paikalle noin 10 minuutissa. Suvilahteen p\u00e4\u00e4see k\u00e4tev\u00e4sti my\u00f6s bussilla tai Pasilasta raitiovaunulinjalla 13. Kotiin p\u00e4in l\u00e4htiess\u00e4 huomaathan, ett\u00e4 metro lopettaa liikenn\u00f6innin jo ennen puolta y\u00f6t\u00e4! Lis\u00e4tietoja saapumisesta l\u00f6yd\u00e4t [&hellip;]<\/p>\n","protected":false},"author":1,"featured_media":45,"parent":0,"menu_order":0,"comment_status":"closed","ping_status":"closed","template":"","meta":{"_acf_changed":false,"footnotes":""},"acf":[],"_links":{"self":[{"href":"https:\/\/popcult.fi\/nights-2025\/wp-json\/wp\/v2\/pages\/46"}],"collection":[{"href":"https:\/\/popcult.fi\/nights-2025\/wp-json\/wp\/v2\/pages"}],"about":[{"href":"https:\/\/popcult.fi\/nights-2025\/wp-json\/wp\/v2\/types\/page"}],"author":[{"embeddable":true,"href":"https:\/\/popcult.fi\/nights-2025\/wp-json\/wp\/v2\/users\/1"}],"replies":[{"embeddable":true,"href":"https:\/\/popcult.fi\/nights-2025\/wp-json\/wp\/v2\/comments?post=46"}],"version-history":[{"count":8,"href":"https:\/\/popcult.fi\/nights-2025\/wp-json\/wp\/v2\/pages\/46\/revisions"}],"predecessor-version":[{"id":181,"href":"https:\/\/popcult.fi\/nights-2025\/wp-json\/wp\/v2\/pages\/46\/revisions\/181"}],"wp:featuredmedia":[{"embeddable":true,"href":"https:\/\/popcult.fi\/nights-2025\/wp-json\/wp\/v2\/media\/45"}],"wp:attachment":[{"href":"https:\/\/popcult.fi\/nights-2025\/wp-json\/wp\/v2\/media?parent=46"}],"curies":[{"name":"wp","href":"https:\/\/api.w.org\/{rel}","templated":true}]}}