{"id":109,"date":"2024-10-24T18:53:20","date_gmt":"2024-10-24T15:53:20","guid":{"rendered":"https:\/\/popcult.fi\/nights-2024-halloween-edition\/?page_id=109"},"modified":"2024-10-24T18:55:29","modified_gmt":"2024-10-24T15:55:29","slug":"karaoke","status":"publish","type":"page","link":"https:\/\/popcult.fi\/nights-2024-halloween-edition\/karaoke\/","title":{"rendered":"Karaoke"},"content":{"rendered":"<section class=\"tavk-block tavk-block--npx-hero-low npx-hero-low\">\n    <div class=\"npx-page-title-area npx-page-title-area--has-image\">\n        <div class=\"npx-container\">\n            <div class=\"npx-page-title-area__inner\">\n                <h1>Karaoke<\/h1>\n            <\/div>\n        <\/div>\n\n                    <div class=\"npx-page-title-area__image\">\n                <div class=\"npx-page-title-area__image-inner\">\n                        <div class=\"responsive-image-container\" style=\"padding-bottom: 56.25%;background-color: #eec418;\">\n  <img loading=\"lazy\" class=\"responsive-image lazyload\" height=\"1080\" width=\"1920\" alt=\"\" src=\"data:image\/gif;base64,R0lGODlhAQABAAAAACH5BAEKAAEALAAAAAABAAEAAAICTAEAOw==\" data-src=\"https:\/\/popcult.fi\/app\/uploads\/sites\/7\/2024\/09\/popcult-nights-halloween-edition-web.jpg?ver=57ee2bda\"  data-srcset=\"https:\/\/popcult.fi\/app\/uploads\/sites\/7\/2024\/09\/popcult-nights-halloween-edition-web.jpg?ver=57ee2bda 1920w, https:\/\/popcult.fi\/app\/uploads\/sites\/7\/2024\/09\/popcult-nights-halloween-edition-web-3d4ql9roq4dbyxo4hy2z22hqu-1000x563.jpg?ver=57ee2bda 1000w, https:\/\/popcult.fi\/app\/uploads\/sites\/7\/2024\/09\/popcult-nights-halloween-edition-web-ehz9tfgw7xsmm9b8ace97y0b1-1500x844.jpg?ver=57ee2bda 1500w\" data-sizes=\"auto\" data-parent-fit=\"cover\">\n  <noscript>\n    <img loading=\"lazy\" class=\"responsive-image\" src=\"https:\/\/popcult.fi\/app\/uploads\/sites\/7\/2024\/09\/popcult-nights-halloween-edition-web.jpg?ver=57ee2bda\" alt=\"\" height=\"1080\" width=\"1920\">\n  <\/noscript>\n<\/div>\n                <\/div>\n            <\/div>\n\n            <div class=\"npx-page-title-area__scim\">\n\n            <\/div>\n\n        \n    <\/div>\n\n    \n    \n<\/section>\n\n<div class='container tvk-container'><div class='tvk-block tvk-block-core core-paragraph wysiwyg'>\n<p>Tiivist\u00e4m\u00f6n L\u00e4mpi\u00f6n puolelta l\u00f6ytyy baari sek\u00e4 Popcultin karaoke. Karaoke avautuu heti tapahtuman ovien auetessa klo 19:30 ja laulamaan p\u00e4\u00e4set aina klo 02:30 saakka. Laulettavaa l\u00f6ytyy varmasti jokaiseen makuun, sill\u00e4 tarjolla on karaokeklassikoiden lis\u00e4ksi vaihtoehtoja muun muassa elokuvista, tv-sarjoista, peleist\u00e4 ja animesta. Uskallatko nousta lavalle?<\/p>\n<\/div><\/div>\n\n<div class='container tvk-container'><div class='tvk-block tvk-block-core core-heading wysiwyg'>\n<h2 class=\"wp-block-heading\">Meidokaraoke <\/h2>\n<\/div><\/div>\n\n<div class='container tvk-container'><div class='tvk-block tvk-block-core core-paragraph wysiwyg'>\n<p>Popcult Nightsissa karaoken laulajia kannustavat ihanan kauhistuttavat meidot! Meidokaraoke on avoinna klo 19:30-22:00, jonka j\u00e4lkeen ilta jatkuu &#8221;tavallisen&#8221; karaoken merkeiss\u00e4.<\/p>\n<\/div><\/div>\n\n<div class='container tvk-container'><div class='tvk-block tvk-block-core core-paragraph wysiwyg'>\n<p>Tutustu meidoihin alta: <\/p>\n<\/div><\/div>\n\n<div class='container tvk-container'><div class='tvk-block tvk-block-core core-columns wysiwyg'>\n<div class=\"wp-block-columns is-layout-flex wp-container-core-columns-is-layout-1 wp-block-columns-is-layout-flex\">\n<div class=\"wp-block-column is-layout-flow wp-block-column-is-layout-flow\">\n<figure class=\"wp-block-image size-full\"><img loading=\"lazy\" width=\"1080\" height=\"1080\" data-src=\"https:\/\/popcult.fi\/app\/uploads\/sites\/7\/2024\/10\/lexi.jpg\" alt=\"\" class=\"wp-image-114 lazyload lazyload\" data-color=\"#c3a568\" data-srcset=\"https:\/\/popcult.fi\/app\/uploads\/sites\/7\/2024\/10\/lexi.jpg 1080w, https:\/\/popcult.fi\/app\/uploads\/sites\/7\/2024\/10\/lexi-300x300.jpg 300w, https:\/\/popcult.fi\/app\/uploads\/sites\/7\/2024\/10\/lexi-1024x1024.jpg 1024w, https:\/\/popcult.fi\/app\/uploads\/sites\/7\/2024\/10\/lexi-150x150.jpg 150w, https:\/\/popcult.fi\/app\/uploads\/sites\/7\/2024\/10\/lexi-768x768.jpg 768w, https:\/\/popcult.fi\/app\/uploads\/sites\/7\/2024\/10\/lexi-1gj4a131x5r4mtarnbup9w4yb-350x350.jpg 350w, https:\/\/popcult.fi\/app\/uploads\/sites\/7\/2024\/10\/lexi-8ulhxdici07kl6m7qpir5dtbx-700x700.jpg 700w, https:\/\/popcult.fi\/app\/uploads\/sites\/7\/2024\/10\/lexi-8fqtnm61c984543gla8ax40d9-750x750.jpg 750w, https:\/\/popcult.fi\/app\/uploads\/sites\/7\/2024\/10\/lexi-5e4bo1hzfqiuzeohvp67gm6cy-980x980.jpg 980w\" data-sizes=\"auto\" src=\"data:image\/svg+xml,%3Csvg%20xmlns='http:\/\/www.w3.org\/2000\/svg'%20style='background-color:%23c3a568'%20viewBox='0%200%201080%201080'%3E%3C\/svg%3E\"><\/figure>\n  <noscript>\n    <img src=\"https:\/\/popcult.fi\/app\/uploads\/sites\/7\/2024\/10\/lexi.jpg\" alt=\"\" height=\"1080\" width=\"1080\">\n  <\/noscript>\n<\/div>\n\n\n\n<div class=\"wp-block-column is-layout-flow wp-block-column-is-layout-flow\">\n<figure class=\"wp-block-image size-full\"><img loading=\"lazy\" width=\"1080\" height=\"1080\" data-src=\"https:\/\/popcult.fi\/app\/uploads\/sites\/7\/2024\/10\/nights-meido-lia-nimella.jpg\" alt=\"\" class=\"wp-image-115 lazyload lazyload\" data-color=\"#d1beb4\" data-srcset=\"https:\/\/popcult.fi\/app\/uploads\/sites\/7\/2024\/10\/nights-meido-lia-nimella.jpg 1080w, https:\/\/popcult.fi\/app\/uploads\/sites\/7\/2024\/10\/nights-meido-lia-nimella-300x300.jpg 300w, https:\/\/popcult.fi\/app\/uploads\/sites\/7\/2024\/10\/nights-meido-lia-nimella-1024x1024.jpg 1024w, https:\/\/popcult.fi\/app\/uploads\/sites\/7\/2024\/10\/nights-meido-lia-nimella-150x150.jpg 150w, https:\/\/popcult.fi\/app\/uploads\/sites\/7\/2024\/10\/nights-meido-lia-nimella-768x768.jpg 768w, https:\/\/popcult.fi\/app\/uploads\/sites\/7\/2024\/10\/nights-meido-lia-nimella-1gj4a131x5r4mtarnbup9w4yb-350x350.jpg 350w, https:\/\/popcult.fi\/app\/uploads\/sites\/7\/2024\/10\/nights-meido-lia-nimella-8ulhxdici07kl6m7qpir5dtbx-700x700.jpg 700w, https:\/\/popcult.fi\/app\/uploads\/sites\/7\/2024\/10\/nights-meido-lia-nimella-8fqtnm61c984543gla8ax40d9-750x750.jpg 750w, https:\/\/popcult.fi\/app\/uploads\/sites\/7\/2024\/10\/nights-meido-lia-nimella-5e4bo1hzfqiuzeohvp67gm6cy-980x980.jpg 980w\" data-sizes=\"auto\" src=\"data:image\/svg+xml,%3Csvg%20xmlns='http:\/\/www.w3.org\/2000\/svg'%20style='background-color:%23d1beb4'%20viewBox='0%200%201080%201080'%3E%3C\/svg%3E\"><\/figure>\n  <noscript>\n    <img src=\"https:\/\/popcult.fi\/app\/uploads\/sites\/7\/2024\/10\/nights-meido-lia-nimella.jpg\" alt=\"\" height=\"1080\" width=\"1080\">\n  <\/noscript>\n<\/div>\n\n\n\n<div class=\"wp-block-column is-layout-flow wp-block-column-is-layout-flow\">\n<figure class=\"wp-block-image size-full\"><img loading=\"lazy\" width=\"1080\" height=\"1080\" data-src=\"https:\/\/popcult.fi\/app\/uploads\/sites\/7\/2024\/10\/nights-meido-maribel-nimella.jpg\" alt=\"\" class=\"wp-image-116 lazyload lazyload\" data-color=\"#2a2c23\" data-srcset=\"https:\/\/popcult.fi\/app\/uploads\/sites\/7\/2024\/10\/nights-meido-maribel-nimella.jpg 1080w, https:\/\/popcult.fi\/app\/uploads\/sites\/7\/2024\/10\/nights-meido-maribel-nimella-300x300.jpg 300w, https:\/\/popcult.fi\/app\/uploads\/sites\/7\/2024\/10\/nights-meido-maribel-nimella-1024x1024.jpg 1024w, https:\/\/popcult.fi\/app\/uploads\/sites\/7\/2024\/10\/nights-meido-maribel-nimella-150x150.jpg 150w, https:\/\/popcult.fi\/app\/uploads\/sites\/7\/2024\/10\/nights-meido-maribel-nimella-768x768.jpg 768w, https:\/\/popcult.fi\/app\/uploads\/sites\/7\/2024\/10\/nights-meido-maribel-nimella-1gj4a131x5r4mtarnbup9w4yb-350x350.jpg 350w, https:\/\/popcult.fi\/app\/uploads\/sites\/7\/2024\/10\/nights-meido-maribel-nimella-8ulhxdici07kl6m7qpir5dtbx-700x700.jpg 700w, https:\/\/popcult.fi\/app\/uploads\/sites\/7\/2024\/10\/nights-meido-maribel-nimella-8fqtnm61c984543gla8ax40d9-750x750.jpg 750w, https:\/\/popcult.fi\/app\/uploads\/sites\/7\/2024\/10\/nights-meido-maribel-nimella-5e4bo1hzfqiuzeohvp67gm6cy-980x980.jpg 980w\" data-sizes=\"auto\" src=\"data:image\/svg+xml,%3Csvg%20xmlns='http:\/\/www.w3.org\/2000\/svg'%20style='background-color:%232a2c23'%20viewBox='0%200%201080%201080'%3E%3C\/svg%3E\"><\/figure>\n  <noscript>\n    <img src=\"https:\/\/popcult.fi\/app\/uploads\/sites\/7\/2024\/10\/nights-meido-maribel-nimella.jpg\" alt=\"\" height=\"1080\" width=\"1080\">\n  <\/noscript>\n<\/div>\n<\/div>\n<\/div><\/div>\n\n<div class='container tvk-container'><div class='tvk-block tvk-block-core core-columns wysiwyg'>\n<div class=\"wp-block-columns is-layout-flex wp-container-core-columns-is-layout-2 wp-block-columns-is-layout-flex\">\n<div class=\"wp-block-column is-layout-flow wp-block-column-is-layout-flow\">\n<figure class=\"wp-block-image size-full\"><img loading=\"lazy\" width=\"1080\" height=\"1080\" data-src=\"https:\/\/popcult.fi\/app\/uploads\/sites\/7\/2024\/10\/nights-meido-luciel-nimella.jpg\" alt=\"\" class=\"wp-image-117 lazyload lazyload\" data-color=\"#341c0e\" data-srcset=\"https:\/\/popcult.fi\/app\/uploads\/sites\/7\/2024\/10\/nights-meido-luciel-nimella.jpg 1080w, https:\/\/popcult.fi\/app\/uploads\/sites\/7\/2024\/10\/nights-meido-luciel-nimella-300x300.jpg 300w, https:\/\/popcult.fi\/app\/uploads\/sites\/7\/2024\/10\/nights-meido-luciel-nimella-1024x1024.jpg 1024w, https:\/\/popcult.fi\/app\/uploads\/sites\/7\/2024\/10\/nights-meido-luciel-nimella-150x150.jpg 150w, https:\/\/popcult.fi\/app\/uploads\/sites\/7\/2024\/10\/nights-meido-luciel-nimella-768x768.jpg 768w, https:\/\/popcult.fi\/app\/uploads\/sites\/7\/2024\/10\/nights-meido-luciel-nimella-1gj4a131x5r4mtarnbup9w4yb-350x350.jpg 350w, https:\/\/popcult.fi\/app\/uploads\/sites\/7\/2024\/10\/nights-meido-luciel-nimella-8ulhxdici07kl6m7qpir5dtbx-700x700.jpg 700w, https:\/\/popcult.fi\/app\/uploads\/sites\/7\/2024\/10\/nights-meido-luciel-nimella-8fqtnm61c984543gla8ax40d9-750x750.jpg 750w, https:\/\/popcult.fi\/app\/uploads\/sites\/7\/2024\/10\/nights-meido-luciel-nimella-5e4bo1hzfqiuzeohvp67gm6cy-980x980.jpg 980w\" data-sizes=\"auto\" src=\"data:image\/svg+xml,%3Csvg%20xmlns='http:\/\/www.w3.org\/2000\/svg'%20style='background-color:%23341c0e'%20viewBox='0%200%201080%201080'%3E%3C\/svg%3E\"><\/figure>\n  <noscript>\n    <img src=\"https:\/\/popcult.fi\/app\/uploads\/sites\/7\/2024\/10\/nights-meido-luciel-nimella.jpg\" alt=\"\" height=\"1080\" width=\"1080\">\n  <\/noscript>\n<\/div>\n\n\n\n<div class=\"wp-block-column is-layout-flow wp-block-column-is-layout-flow\">\n<figure class=\"wp-block-image size-full\"><img loading=\"lazy\" width=\"1080\" height=\"1080\" data-src=\"https:\/\/popcult.fi\/app\/uploads\/sites\/7\/2024\/10\/nights-meido-maron-nimella.jpg\" alt=\"\" class=\"wp-image-118 lazyload lazyload\" data-color=\"#1b2a1f\" data-srcset=\"https:\/\/popcult.fi\/app\/uploads\/sites\/7\/2024\/10\/nights-meido-maron-nimella.jpg 1080w, https:\/\/popcult.fi\/app\/uploads\/sites\/7\/2024\/10\/nights-meido-maron-nimella-300x300.jpg 300w, https:\/\/popcult.fi\/app\/uploads\/sites\/7\/2024\/10\/nights-meido-maron-nimella-1024x1024.jpg 1024w, https:\/\/popcult.fi\/app\/uploads\/sites\/7\/2024\/10\/nights-meido-maron-nimella-150x150.jpg 150w, https:\/\/popcult.fi\/app\/uploads\/sites\/7\/2024\/10\/nights-meido-maron-nimella-768x768.jpg 768w, https:\/\/popcult.fi\/app\/uploads\/sites\/7\/2024\/10\/nights-meido-maron-nimella-1gj4a131x5r4mtarnbup9w4yb-350x350.jpg 350w, https:\/\/popcult.fi\/app\/uploads\/sites\/7\/2024\/10\/nights-meido-maron-nimella-8ulhxdici07kl6m7qpir5dtbx-700x700.jpg 700w, https:\/\/popcult.fi\/app\/uploads\/sites\/7\/2024\/10\/nights-meido-maron-nimella-8fqtnm61c984543gla8ax40d9-750x750.jpg 750w, https:\/\/popcult.fi\/app\/uploads\/sites\/7\/2024\/10\/nights-meido-maron-nimella-5e4bo1hzfqiuzeohvp67gm6cy-980x980.jpg 980w\" data-sizes=\"auto\" src=\"data:image\/svg+xml,%3Csvg%20xmlns='http:\/\/www.w3.org\/2000\/svg'%20style='background-color:%231b2a1f'%20viewBox='0%200%201080%201080'%3E%3C\/svg%3E\"><\/figure>\n  <noscript>\n    <img src=\"https:\/\/popcult.fi\/app\/uploads\/sites\/7\/2024\/10\/nights-meido-maron-nimella.jpg\" alt=\"\" height=\"1080\" width=\"1080\">\n  <\/noscript>\n<\/div>\n\n\n\n<div class=\"wp-block-column is-layout-flow wp-block-column-is-layout-flow\">\n<figure class=\"wp-block-image size-full\"><img loading=\"lazy\" width=\"1080\" height=\"1080\" data-src=\"https:\/\/popcult.fi\/app\/uploads\/sites\/7\/2024\/10\/nights-meido-omppu-nimella.jpg\" alt=\"\" class=\"wp-image-120 lazyload lazyload\" data-color=\"#11090a\" data-srcset=\"https:\/\/popcult.fi\/app\/uploads\/sites\/7\/2024\/10\/nights-meido-omppu-nimella.jpg 1080w, https:\/\/popcult.fi\/app\/uploads\/sites\/7\/2024\/10\/nights-meido-omppu-nimella-300x300.jpg 300w, https:\/\/popcult.fi\/app\/uploads\/sites\/7\/2024\/10\/nights-meido-omppu-nimella-1024x1024.jpg 1024w, https:\/\/popcult.fi\/app\/uploads\/sites\/7\/2024\/10\/nights-meido-omppu-nimella-150x150.jpg 150w, https:\/\/popcult.fi\/app\/uploads\/sites\/7\/2024\/10\/nights-meido-omppu-nimella-768x768.jpg 768w, https:\/\/popcult.fi\/app\/uploads\/sites\/7\/2024\/10\/nights-meido-omppu-nimella-1gj4a131x5r4mtarnbup9w4yb-350x350.jpg 350w, https:\/\/popcult.fi\/app\/uploads\/sites\/7\/2024\/10\/nights-meido-omppu-nimella-8ulhxdici07kl6m7qpir5dtbx-700x700.jpg 700w, https:\/\/popcult.fi\/app\/uploads\/sites\/7\/2024\/10\/nights-meido-omppu-nimella-8fqtnm61c984543gla8ax40d9-750x750.jpg 750w, https:\/\/popcult.fi\/app\/uploads\/sites\/7\/2024\/10\/nights-meido-omppu-nimella-5e4bo1hzfqiuzeohvp67gm6cy-980x980.jpg 980w\" data-sizes=\"auto\" src=\"data:image\/svg+xml,%3Csvg%20xmlns='http:\/\/www.w3.org\/2000\/svg'%20style='background-color:%2311090a'%20viewBox='0%200%201080%201080'%3E%3C\/svg%3E\"><\/figure>\n  <noscript>\n    <img src=\"https:\/\/popcult.fi\/app\/uploads\/sites\/7\/2024\/10\/nights-meido-omppu-nimella.jpg\" alt=\"\" height=\"1080\" width=\"1080\">\n  <\/noscript>\n<\/div>\n<\/div>\n<\/div><\/div>\n\n<div class='container tvk-container'><div class='tvk-block tvk-block-core core-columns wysiwyg'>\n<div class=\"wp-block-columns is-layout-flex wp-container-core-columns-is-layout-3 wp-block-columns-is-layout-flex\">\n<div class=\"wp-block-column is-layout-flow wp-block-column-is-layout-flow\">\n<figure class=\"wp-block-image size-full\"><img loading=\"lazy\" width=\"1080\" height=\"1080\" data-src=\"https:\/\/popcult.fi\/app\/uploads\/sites\/7\/2024\/10\/nights-meido-neon-nimella.jpg\" alt=\"\" class=\"wp-image-121 lazyload lazyload\" data-color=\"#deaa58\" data-srcset=\"https:\/\/popcult.fi\/app\/uploads\/sites\/7\/2024\/10\/nights-meido-neon-nimella.jpg 1080w, https:\/\/popcult.fi\/app\/uploads\/sites\/7\/2024\/10\/nights-meido-neon-nimella-300x300.jpg 300w, https:\/\/popcult.fi\/app\/uploads\/sites\/7\/2024\/10\/nights-meido-neon-nimella-1024x1024.jpg 1024w, https:\/\/popcult.fi\/app\/uploads\/sites\/7\/2024\/10\/nights-meido-neon-nimella-150x150.jpg 150w, https:\/\/popcult.fi\/app\/uploads\/sites\/7\/2024\/10\/nights-meido-neon-nimella-768x768.jpg 768w, https:\/\/popcult.fi\/app\/uploads\/sites\/7\/2024\/10\/nights-meido-neon-nimella-1gj4a131x5r4mtarnbup9w4yb-350x350.jpg 350w, https:\/\/popcult.fi\/app\/uploads\/sites\/7\/2024\/10\/nights-meido-neon-nimella-8ulhxdici07kl6m7qpir5dtbx-700x700.jpg 700w, https:\/\/popcult.fi\/app\/uploads\/sites\/7\/2024\/10\/nights-meido-neon-nimella-8fqtnm61c984543gla8ax40d9-750x750.jpg 750w, https:\/\/popcult.fi\/app\/uploads\/sites\/7\/2024\/10\/nights-meido-neon-nimella-5e4bo1hzfqiuzeohvp67gm6cy-980x980.jpg 980w\" data-sizes=\"auto\" src=\"data:image\/svg+xml,%3Csvg%20xmlns='http:\/\/www.w3.org\/2000\/svg'%20style='background-color:%23deaa58'%20viewBox='0%200%201080%201080'%3E%3C\/svg%3E\"><\/figure>\n  <noscript>\n    <img src=\"https:\/\/popcult.fi\/app\/uploads\/sites\/7\/2024\/10\/nights-meido-neon-nimella.jpg\" alt=\"\" height=\"1080\" width=\"1080\">\n  <\/noscript>\n<\/div>\n\n\n\n<div class=\"wp-block-column is-layout-flow wp-block-column-is-layout-flow\">\n<figure class=\"wp-block-image size-full\"><img loading=\"lazy\" width=\"1080\" height=\"1080\" data-src=\"https:\/\/popcult.fi\/app\/uploads\/sites\/7\/2024\/10\/nights-meido-rewe-nimella.jpg\" alt=\"\" class=\"wp-image-122 lazyload lazyload\" data-color=\"#dc9c15\" data-srcset=\"https:\/\/popcult.fi\/app\/uploads\/sites\/7\/2024\/10\/nights-meido-rewe-nimella.jpg 1080w, https:\/\/popcult.fi\/app\/uploads\/sites\/7\/2024\/10\/nights-meido-rewe-nimella-300x300.jpg 300w, https:\/\/popcult.fi\/app\/uploads\/sites\/7\/2024\/10\/nights-meido-rewe-nimella-1024x1024.jpg 1024w, https:\/\/popcult.fi\/app\/uploads\/sites\/7\/2024\/10\/nights-meido-rewe-nimella-150x150.jpg 150w, https:\/\/popcult.fi\/app\/uploads\/sites\/7\/2024\/10\/nights-meido-rewe-nimella-768x768.jpg 768w, https:\/\/popcult.fi\/app\/uploads\/sites\/7\/2024\/10\/nights-meido-rewe-nimella-1gj4a131x5r4mtarnbup9w4yb-350x350.jpg 350w, https:\/\/popcult.fi\/app\/uploads\/sites\/7\/2024\/10\/nights-meido-rewe-nimella-8ulhxdici07kl6m7qpir5dtbx-700x700.jpg 700w, https:\/\/popcult.fi\/app\/uploads\/sites\/7\/2024\/10\/nights-meido-rewe-nimella-8fqtnm61c984543gla8ax40d9-750x750.jpg 750w, https:\/\/popcult.fi\/app\/uploads\/sites\/7\/2024\/10\/nights-meido-rewe-nimella-5e4bo1hzfqiuzeohvp67gm6cy-980x980.jpg 980w\" data-sizes=\"auto\" src=\"data:image\/svg+xml,%3Csvg%20xmlns='http:\/\/www.w3.org\/2000\/svg'%20style='background-color:%23dc9c15'%20viewBox='0%200%201080%201080'%3E%3C\/svg%3E\"><\/figure>\n  <noscript>\n    <img src=\"https:\/\/popcult.fi\/app\/uploads\/sites\/7\/2024\/10\/nights-meido-rewe-nimella.jpg\" alt=\"\" height=\"1080\" width=\"1080\">\n  <\/noscript>\n<\/div>\n\n\n\n<div class=\"wp-block-column is-layout-flow wp-block-column-is-layout-flow\"><\/div>\n<\/div>\n<\/div><\/div>\n","protected":false},"excerpt":{"rendered":"<p>Tiivist\u00e4m\u00f6n L\u00e4mpi\u00f6n puolelta l\u00f6ytyy baari sek\u00e4 Popcultin karaoke. Karaoke avautuu heti tapahtuman ovien auetessa klo 19:30 ja laulamaan p\u00e4\u00e4set aina klo 02:30 saakka. Laulettavaa l\u00f6ytyy varmasti jokaiseen makuun, sill\u00e4 tarjolla on karaokeklassikoiden lis\u00e4ksi vaihtoehtoja muun muassa elokuvista, tv-sarjoista, peleist\u00e4 ja animesta. Uskallatko nousta lavalle? Meidokaraoke Popcult Nightsissa karaoken laulajia kannustavat ihanan kauhistuttavat meidot! Meidokaraoke on [&hellip;]<\/p>\n","protected":false},"author":17,"featured_media":45,"parent":0,"menu_order":0,"comment_status":"closed","ping_status":"closed","template":"","meta":{"_acf_changed":false,"footnotes":""},"acf":[],"_links":{"self":[{"href":"https:\/\/popcult.fi\/nights-2024-halloween-edition\/wp-json\/wp\/v2\/pages\/109"}],"collection":[{"href":"https:\/\/popcult.fi\/nights-2024-halloween-edition\/wp-json\/wp\/v2\/pages"}],"about":[{"href":"https:\/\/popcult.fi\/nights-2024-halloween-edition\/wp-json\/wp\/v2\/types\/page"}],"author":[{"embeddable":true,"href":"https:\/\/popcult.fi\/nights-2024-halloween-edition\/wp-json\/wp\/v2\/users\/17"}],"replies":[{"embeddable":true,"href":"https:\/\/popcult.fi\/nights-2024-halloween-edition\/wp-json\/wp\/v2\/comments?post=109"}],"version-history":[{"count":7,"href":"https:\/\/popcult.fi\/nights-2024-halloween-edition\/wp-json\/wp\/v2\/pages\/109\/revisions"}],"predecessor-version":[{"id":132,"href":"https:\/\/popcult.fi\/nights-2024-halloween-edition\/wp-json\/wp\/v2\/pages\/109\/revisions\/132"}],"wp:featuredmedia":[{"embeddable":true,"href":"https:\/\/popcult.fi\/nights-2024-halloween-edition\/wp-json\/wp\/v2\/media\/45"}],"wp:attachment":[{"href":"https:\/\/popcult.fi\/nights-2024-halloween-edition\/wp-json\/wp\/v2\/media?parent=109"}],"curies":[{"name":"wp","href":"https:\/\/api.w.org\/{rel}","templated":true}]}}